{"id":629,"date":"2024-02-26T09:10:37","date_gmt":"2024-02-26T09:10:37","guid":{"rendered":"https:\/\/www.qrentcar.com\/?page_id=629"},"modified":"2024-08-05T12:39:02","modified_gmt":"2024-08-05T12:39:02","slug":"cars","status":"publish","type":"page","link":"https:\/\/www.qrentcar.com\/?page_id=629","title":{"rendered":"Cars"},"content":{"rendered":"<p>[vc_row][vc_column][vc_custom_heading text=&#8221;Cars&#8221;][\/vc_column][\/vc_row]<\/p>\n","protected":false},"excerpt":{"rendered":"<p>[vc_row][vc_column][vc_custom_heading text=&#8221;Cars&#8221;][\/vc_column][\/vc_row]<\/p>\n","protected":false},"author":1,"featured_media":0,"parent":0,"menu_order":0,"comment_status":"closed","ping_status":"closed","template":"display-cars.php","meta":{"footnotes":""},"class_list":["post-629","page","type-page","status-publish","hentry"],"yoast_head":"<!-- This site is optimized with the Yoast SEO plugin v27.5 - https:\/\/yoast.com\/product\/yoast-seo-wordpress\/ -->\n<title>Cars - Quaraouiwine Car<\/title>\n<meta name=\"description\" content=\"Location voiture a fes ,Vous cherchez une voiture \u00e0 louer Notre service de location de voitures vous offre une vaste gamme de v\u00e9hicules adapt\u00e9s \u00e0 toutes vos exigences. Que vous ayez besoin d\u2019une petite citadine \u00e9conomique, d\u2019un SUV spacieux pour une escapade en famille, ou d\u2019une voiture de luxe pour une occasion sp\u00e9ciale, nous avons la solution qu&#039;il vous faut.\" \/>\n<meta name=\"robots\" content=\"index, follow, max-snippet:-1, max-image-preview:large, max-video-preview:-1\" \/>\n<link rel=\"canonical\" href=\"https:\/\/www.qrentcar.com\/?page_id=629\" \/>\n<meta property=\"og:locale\" content=\"en_US\" \/>\n<meta property=\"og:type\" content=\"article\" \/>\n<meta property=\"og:title\" content=\"Cars - Quaraouiwine Car\" \/>\n<meta property=\"og:description\" content=\"Location voiture a fes ,Vous cherchez une voiture \u00e0 louer Notre service de location de voitures vous offre une vaste gamme de v\u00e9hicules adapt\u00e9s \u00e0 toutes vos exigences. Que vous ayez besoin d\u2019une petite citadine \u00e9conomique, d\u2019un SUV spacieux pour une escapade en famille, ou d\u2019une voiture de luxe pour une occasion sp\u00e9ciale, nous avons la solution qu&#039;il vous faut.\" \/>\n<meta property=\"og:url\" content=\"https:\/\/www.qrentcar.com\/?page_id=629\" \/>\n<meta property=\"og:site_name\" content=\"Quaraouiwine Car\" \/>\n<meta property=\"article:publisher\" content=\"https:\/\/www.facebook.com\/Quaraouiwinecar\/\" \/>\n<meta property=\"article:modified_time\" content=\"2024-08-05T12:39:02+00:00\" \/>\n<meta property=\"og:image\" content=\"https:\/\/www.qrentcar.com\/wp-content\/uploads\/2024\/07\/qrentcarsite.png\" \/>\n\t<meta property=\"og:image:width\" content=\"1870\" \/>\n\t<meta property=\"og:image:height\" content=\"867\" \/>\n\t<meta property=\"og:image:type\" content=\"image\/png\" \/>\n<meta name=\"twitter:card\" content=\"summary_large_image\" \/>\n<meta name=\"twitter:label1\" content=\"Est. reading time\" \/>\n\t<meta name=\"twitter:data1\" content=\"1 minute\" \/>\n<script type=\"application\/ld+json\" class=\"yoast-schema-graph\">{\"@context\":\"https:\\\/\\\/schema.org\",\"@graph\":[{\"@type\":\"WebPage\",\"@id\":\"https:\\\/\\\/www.qrentcar.com\\\/?page_id=629\",\"url\":\"https:\\\/\\\/www.qrentcar.com\\\/?page_id=629\",\"name\":\"Cars - Quaraouiwine Car\",\"isPartOf\":{\"@id\":\"https:\\\/\\\/www.qrentcar.com\\\/#website\"},\"datePublished\":\"2024-02-26T09:10:37+00:00\",\"dateModified\":\"2024-08-05T12:39:02+00:00\",\"description\":\"Location voiture a fes ,Vous cherchez une voiture \u00e0 louer Notre service de location de voitures vous offre une vaste gamme de v\u00e9hicules adapt\u00e9s \u00e0 toutes vos exigences. Que vous ayez besoin d\u2019une petite citadine \u00e9conomique, d\u2019un SUV spacieux pour une escapade en famille, ou d\u2019une voiture de luxe pour une occasion sp\u00e9ciale, nous avons la solution qu'il vous faut.\",\"breadcrumb\":{\"@id\":\"https:\\\/\\\/www.qrentcar.com\\\/?page_id=629#breadcrumb\"},\"inLanguage\":\"en-US\",\"potentialAction\":[{\"@type\":\"ReadAction\",\"target\":[\"https:\\\/\\\/www.qrentcar.com\\\/?page_id=629\"]}]},{\"@type\":\"BreadcrumbList\",\"@id\":\"https:\\\/\\\/www.qrentcar.com\\\/?page_id=629#breadcrumb\",\"itemListElement\":[{\"@type\":\"ListItem\",\"position\":1,\"name\":\"Accueil\",\"item\":\"https:\\\/\\\/www.qrentcar.com\\\/\"},{\"@type\":\"ListItem\",\"position\":2,\"name\":\"Cars\"}]},{\"@type\":\"WebSite\",\"@id\":\"https:\\\/\\\/www.qrentcar.com\\\/#website\",\"url\":\"https:\\\/\\\/www.qrentcar.com\\\/\",\"name\":\"Quaraouiwine Car\",\"description\":\"votre location voiture de confiance since 2008\",\"publisher\":{\"@id\":\"https:\\\/\\\/www.qrentcar.com\\\/#organization\"},\"alternateName\":\"qrentcar\",\"potentialAction\":[{\"@type\":\"SearchAction\",\"target\":{\"@type\":\"EntryPoint\",\"urlTemplate\":\"https:\\\/\\\/www.qrentcar.com\\\/?s={search_term_string}\"},\"query-input\":{\"@type\":\"PropertyValueSpecification\",\"valueRequired\":true,\"valueName\":\"search_term_string\"}}],\"inLanguage\":\"en-US\"},{\"@type\":\"Organization\",\"@id\":\"https:\\\/\\\/www.qrentcar.com\\\/#organization\",\"name\":\"Quaraouiwine Car\",\"alternateName\":\"qrentcar\",\"url\":\"https:\\\/\\\/www.qrentcar.com\\\/\",\"logo\":{\"@type\":\"ImageObject\",\"inLanguage\":\"en-US\",\"@id\":\"https:\\\/\\\/www.qrentcar.com\\\/#\\\/schema\\\/logo\\\/image\\\/\",\"url\":\"https:\\\/\\\/www.qrentcar.com\\\/wp-content\\\/uploads\\\/2023\\\/11\\\/1700953546477_.png\",\"contentUrl\":\"https:\\\/\\\/www.qrentcar.com\\\/wp-content\\\/uploads\\\/2023\\\/11\\\/1700953546477_.png\",\"width\":350,\"height\":68,\"caption\":\"Quaraouiwine Car\"},\"image\":{\"@id\":\"https:\\\/\\\/www.qrentcar.com\\\/#\\\/schema\\\/logo\\\/image\\\/\"},\"sameAs\":[\"https:\\\/\\\/www.facebook.com\\\/Quaraouiwinecar\\\/\"]}]}<\/script>\n<!-- \/ Yoast SEO plugin. -->","yoast_head_json":{"title":"Cars - Quaraouiwine Car","description":"Location voiture a fes ,Vous cherchez une voiture \u00e0 louer Notre service de location de voitures vous offre une vaste gamme de v\u00e9hicules adapt\u00e9s \u00e0 toutes vos exigences. Que vous ayez besoin d\u2019une petite citadine \u00e9conomique, d\u2019un SUV spacieux pour une escapade en famille, ou d\u2019une voiture de luxe pour une occasion sp\u00e9ciale, nous avons la solution qu'il vous faut.","robots":{"index":"index","follow":"follow","max-snippet":"max-snippet:-1","max-image-preview":"max-image-preview:large","max-video-preview":"max-video-preview:-1"},"canonical":"https:\/\/www.qrentcar.com\/?page_id=629","og_locale":"en_US","og_type":"article","og_title":"Cars - Quaraouiwine Car","og_description":"Location voiture a fes ,Vous cherchez une voiture \u00e0 louer Notre service de location de voitures vous offre une vaste gamme de v\u00e9hicules adapt\u00e9s \u00e0 toutes vos exigences. Que vous ayez besoin d\u2019une petite citadine \u00e9conomique, d\u2019un SUV spacieux pour une escapade en famille, ou d\u2019une voiture de luxe pour une occasion sp\u00e9ciale, nous avons la solution qu'il vous faut.","og_url":"https:\/\/www.qrentcar.com\/?page_id=629","og_site_name":"Quaraouiwine Car","article_publisher":"https:\/\/www.facebook.com\/Quaraouiwinecar\/","article_modified_time":"2024-08-05T12:39:02+00:00","og_image":[{"width":1870,"height":867,"url":"https:\/\/www.qrentcar.com\/wp-content\/uploads\/2024\/07\/qrentcarsite.png","type":"image\/png"}],"twitter_card":"summary_large_image","twitter_misc":{"Est. reading time":"1 minute"},"schema":{"@context":"https:\/\/schema.org","@graph":[{"@type":"WebPage","@id":"https:\/\/www.qrentcar.com\/?page_id=629","url":"https:\/\/www.qrentcar.com\/?page_id=629","name":"Cars - Quaraouiwine Car","isPartOf":{"@id":"https:\/\/www.qrentcar.com\/#website"},"datePublished":"2024-02-26T09:10:37+00:00","dateModified":"2024-08-05T12:39:02+00:00","description":"Location voiture a fes ,Vous cherchez une voiture \u00e0 louer Notre service de location de voitures vous offre une vaste gamme de v\u00e9hicules adapt\u00e9s \u00e0 toutes vos exigences. Que vous ayez besoin d\u2019une petite citadine \u00e9conomique, d\u2019un SUV spacieux pour une escapade en famille, ou d\u2019une voiture de luxe pour une occasion sp\u00e9ciale, nous avons la solution qu'il vous faut.","breadcrumb":{"@id":"https:\/\/www.qrentcar.com\/?page_id=629#breadcrumb"},"inLanguage":"en-US","potentialAction":[{"@type":"ReadAction","target":["https:\/\/www.qrentcar.com\/?page_id=629"]}]},{"@type":"BreadcrumbList","@id":"https:\/\/www.qrentcar.com\/?page_id=629#breadcrumb","itemListElement":[{"@type":"ListItem","position":1,"name":"Accueil","item":"https:\/\/www.qrentcar.com\/"},{"@type":"ListItem","position":2,"name":"Cars"}]},{"@type":"WebSite","@id":"https:\/\/www.qrentcar.com\/#website","url":"https:\/\/www.qrentcar.com\/","name":"Quaraouiwine Car","description":"votre location voiture de confiance since 2008","publisher":{"@id":"https:\/\/www.qrentcar.com\/#organization"},"alternateName":"qrentcar","potentialAction":[{"@type":"SearchAction","target":{"@type":"EntryPoint","urlTemplate":"https:\/\/www.qrentcar.com\/?s={search_term_string}"},"query-input":{"@type":"PropertyValueSpecification","valueRequired":true,"valueName":"search_term_string"}}],"inLanguage":"en-US"},{"@type":"Organization","@id":"https:\/\/www.qrentcar.com\/#organization","name":"Quaraouiwine Car","alternateName":"qrentcar","url":"https:\/\/www.qrentcar.com\/","logo":{"@type":"ImageObject","inLanguage":"en-US","@id":"https:\/\/www.qrentcar.com\/#\/schema\/logo\/image\/","url":"https:\/\/www.qrentcar.com\/wp-content\/uploads\/2023\/11\/1700953546477_.png","contentUrl":"https:\/\/www.qrentcar.com\/wp-content\/uploads\/2023\/11\/1700953546477_.png","width":350,"height":68,"caption":"Quaraouiwine Car"},"image":{"@id":"https:\/\/www.qrentcar.com\/#\/schema\/logo\/image\/"},"sameAs":["https:\/\/www.facebook.com\/Quaraouiwinecar\/"]}]}},"_links":{"self":[{"href":"https:\/\/www.qrentcar.com\/index.php?rest_route=\/wp\/v2\/pages\/629","targetHints":{"allow":["GET"]}}],"collection":[{"href":"https:\/\/www.qrentcar.com\/index.php?rest_route=\/wp\/v2\/pages"}],"about":[{"href":"https:\/\/www.qrentcar.com\/index.php?rest_route=\/wp\/v2\/types\/page"}],"author":[{"embeddable":true,"href":"https:\/\/www.qrentcar.com\/index.php?rest_route=\/wp\/v2\/users\/1"}],"replies":[{"embeddable":true,"href":"https:\/\/www.qrentcar.com\/index.php?rest_route=%2Fwp%2Fv2%2Fcomments&post=629"}],"version-history":[{"count":2,"href":"https:\/\/www.qrentcar.com\/index.php?rest_route=\/wp\/v2\/pages\/629\/revisions"}],"predecessor-version":[{"id":653,"href":"https:\/\/www.qrentcar.com\/index.php?rest_route=\/wp\/v2\/pages\/629\/revisions\/653"}],"wp:attachment":[{"href":"https:\/\/www.qrentcar.com\/index.php?rest_route=%2Fwp%2Fv2%2Fmedia&parent=629"}],"curies":[{"name":"wp","href":"https:\/\/api.w.org\/{rel}","templated":true}]}}